o(v) = v**3 + 8*v**2 + 6*v. Let w be o(-7). Suppose 2*u = -3*k - w + 22, -u = -k. Suppose u*r = -5*b + 48, 3*r + 0 = 3. List the prime factors of b.
3
Suppose 0 = -t + 2*j - 1, 5 = 4*t - 5*j. Let o = 12 - t. Let f = o + -3. What are the prime factors of f?
2
Suppose 12 = -3*a - a. What are the prime factors of 3*(-152)/(-12) + a?
5, 7
Let w(s) = 3*s**2 + 13*s - 13. List the prime factors of w(-11).
3, 23
Let v(f) = f**2 - 7*f + 2. Let u = -3 + 8. Let j be v(u). Let m = -6 - j. List the prime factors of m.
2
Let f(p) = 60*p + 2. Let j be f(3). Suppose -4*b + 172 = 5*c, 5*c - 2*b + b = j. Suppose -2*z = z - c. List the prime factors of z.
2, 3
Let s = 8 + -8. Suppose s = 3*r - 5 - 13. List the prime factors of r.
2, 3
What are the prime factors of (4 - -344)/(0 - -1)?
2, 3, 29
Let z be 2/4*-1*0. Suppose z*c = 5*c. Suppose r - 2*r + 6 = c. List the prime factors of r.
2, 3
Suppose 2*l - 1 = -7. Let g be 4/(3/l*1). List the prime factors of 152/(-16)*g/2.
19
Let x(u) = -u**2 - 6*u - 2. Let p be x(-5). Suppose 3*w = p*q - w - 34, -78 = -5*q - 4*w. List the prime factors of q.
2, 7
Let h = 14 - -56. What are the prime factors of h?
2, 5, 7
Let a(w) = -w**2 - 2*w + 4. Let o be a(-3). Suppose -v = -21 + o. Suppose 0 = 5*b - 0*b - v. What are the prime factors of b?
2
Suppose 0 = -3*d + 3*u + 18, -3*d - u = 3*u - 4. Suppose -d*m = 2*x - 4, m = -2*m. What are the prime factors of x?
2
Suppose 3*b + 3*k + 24 = 0, 5*b + k + 36 = -3*k. Let q(p) = 1 - 3*p - 6 + 2 + p**3 + 4*p**2. List the prime factors of q(b).
3
Let i(c) = -c**2 - 9*c + 1. Let z be i(-9). Let w(n) = -2*n + n**3 - 7*n**2 + 5*n**2 + 3 + z. List the prime factors of w(3).
7
Let q(m) = -2*m**2 - 13*m - 4. What are the prime factors of q(-6)?
2
Suppose 0 = n + m + 24, 0 = 5*n - 2*m - 70 + 190. Let x(h) = 8*h**2 + h + 1. Let d be x(2). Let r = n + d. List the prime factors of r.
11
Suppose 4*q - 21 = 215. List the prime factors of q.
59
Let d(u) = -u - 1. Let o be d(-9). Let h = o - 4. List the prime factors of h.
2
Suppose 5*r - 288 = r. Suppose -x = 3*x - r. What are the prime factors of x?
2, 3
Let b(d) be the third derivative of d**4/24 + d**3/6 + d**2. Let q be b(5). Suppose -36 = -q*m + 3*m. List the prime factors of m.
2, 3
List the prime factors of (2/(-4))/((-12)/1272).
53
Let x = -26 - -30. Suppose -s + 8*k = 3*k - 52, 0 = -4*s + x*k + 128. List the prime factors of s.
3
Suppose p = 4*q - 0 - 16, -4*q + 2*p = -16. Suppose -7*r + q*r = -45. List the prime factors of r.
3, 5
Suppose 38 = 5*l - 127. List the prime factors of l.
3, 11
List the prime factors of 12 + -1 + (1 - 0).
2, 3
Let n be 6/(-8)*2*2. Let i(l) = l**2 - 2*l + 2. List the prime factors of i(n).
17
Suppose -4*k = -9*k + 40. Let u = -4 + k. What are the prime factors of u?
2
Suppose -5*t - 2*p = 3*p - 5, 5*t - 1 = -3*p. Let d be t + 1 - 12/(-3). Suppose 2*b + 2*y = -0*y + 32, 3*y = -d*b + 62. What are the prime factors of b?
2, 7
Let s = 0 - -2. What are the prime factors of s?
2
Suppose -4*d + 65 - 11 = 3*z, -2*d + 32 = 4*z. List the prime factors of d.
2, 3
Let o be (9/(-1))/(3/(-2)). List the prime factors of 2/4 - (-9)/o.
2
Suppose 9 = -5*i - 6. List the prime factors of 4/i*(-204)/8.
2, 17
Suppose y - 708 = -2*y. What are the prime factors of y?
2, 59
Suppose 3*x = -0*x + c + 637, -3*x - c = -641. What are the prime factors of x?
3, 71
Let o be -2*(15/(-2))/(-3). Let d = o + 22. Let w = 26 - d. List the prime factors of w.
3
Suppose 4*h - 3*w + 4 = 0, -w = -h - 0*h - 2. Let d = -2 + h. Suppose v + 34 = 4*b - 0*b, d = -2*v + 4. List the prime factors of b.
3
Suppose 4*y - 87 = -3*n, 2*n - 81 + 23 = -2*y. List the prime factors of n.
29
Let r be 6 - -3*(1 + 0). Suppose -2*n + 25 = -r. List the prime factors of n.
17
Let k = -19 + 31. Let x = -1 + k. List the prime factors of x.
11
Let q be (-6)/(-9)*6 - -2. Let t be ((-14)/(-8))/(q/(-24)). What are the prime factors of t/(-2) - 5/10?
3
List the prime factors of 1*((-2)/(-5) + (-1632)/(-20)).
2, 41
Suppose 3*b + i = 3*i + 94, 5*i + 25 = 0. Let f be 96/18*(-15)/4. Let m = f + b. What are the prime factors of m?
2
Let l(t) = -t**2 + 8*t - 2. List the prime factors of l(5).
13
Let d = 10 + -6. Let z be 10 - (d - (4 + -2)). Suppose -2*c - z = -3*p, -5*p + 25 = -0*p - c. List the prime factors of p.
2, 3
Suppose 4*s = -4*x + 36, 0 = 3*s - 11 - 4. Suppose 4*k - 255 = 5*j, -j - 2*j = x*k - 231. Suppose -3*u + k = 2*u. List the prime factors of u.
2, 3
Let f be 10 + -1 + 1 - 2. Let w(o) = 2*o - 6 - 4 + 6 - 4. What are the prime factors of w(f)?
2
What are the prime factors of (-6)/(-5)*(7 + 204/8)?
3, 13
Suppose 0 = -3*i + 2*i + 3. Suppose -38 = -i*w - 4*b, -3*w + 5*b - 5 = 2. List the prime factors of w.
2, 3
Suppose 0 = -3*l + 17 - 8. Suppose 0 = l*q - 2*b - 20, -7*q = -2*q + 3*b - 8. What are the prime factors of q?
2
List the prime factors of ((-420)/45)/(2/(-18)).
2, 3, 7
Suppose -18*o + 16*o = -8. Let g = 0 + -2. What are the prime factors of 6/o + (-23)/g?
13
Let d(z) = z**3 - 12*z**2 + 13*z - 10. List the prime factors of d(11).
2, 3
Suppose -5 = -6*b + b - 2*y, 23 = b - 4*y. Let a(d) = b*d - 2 - 5 - 1. List the prime factors of a(6).
2, 5
Let d be (-2)/2 + -1 - 2. Let n(y) = -2*y**2 - 18*y + 10. Let o be n(-9). Let k = o + d. List the prime factors of k.
2, 3
Let c(f) = -f**3 - 7*f**2 - 6*f + 4. Let b be c(-6). Suppose -b*o = -55 + 11. List the prime factors of o.
11
Let f(r) = -r + 9. Let a be f(8). Let c = 14 + a. What are the prime factors of c?
3, 5
Let n(x) = x**2 + 3*x + 2. Let w be n(6). Suppose -3*p - p = -w. What are the prime factors of p?
2, 7
Let o = 136 - 96. List the prime factors of o.
2, 5
Suppose 0 = -4*h + 14 + 2. Suppose -p = 2*v + 12, -p + h = -0*p. Let x = v - -17. List the prime factors of x.
3
What are the prime factors of (-1093)/(-3) - 6/(-9)?
5, 73
Let l(b) = -14*b**2 + 2*b - 1. Let p be l(1). Let s(h) = -3*h - 16. List the prime factors of s(p).
23
Suppose 5*o = -3*q - 13, -10 = -q - 4*q - 2*o. Suppose -l + q = -1. What are the prime factors of l?
5
Let i(c) = -27*c - 7. List the prime factors of i(-3).
2, 37
Suppose 0 = -3*r + y + 53, -r = 2*r - 4*y - 59. Suppose -5*c + 3*o + 25 = 2*o, -3*c + r = -o. List the prime factors of c.
2
Let t(j) = -j. Let m(f) = 11*f + 3. Let k(h) = -m(h) - 6*t(h). List the prime factors of k(-3).
2, 3
Let w(r) = -6*r - 33. Let k(t) = -3*t - 16. Let i(s) = 5*k(s) - 2*w(s). List the prime factors of i(-9).
13
Suppose -4*q - y + 11 = 0, 3*y + 17 = 5*q - 1. Suppose h - q = 1. Suppose 3 = -h*j - 0*v - 3*v, 2*v + 1 = -3*j. What are the prime factors of j?
3
Let c(r) = -3*r**3 - 2*r**3 - 5*r**2 + 9 + 7*r + 4*r**3. What are the prime factors of c(-6)?
3
Let z(y) = 8*y - 2. List the prime factors of z(2).
2, 7
Suppose 2*a - a + 3*v - 12 = 0, -16 = -3*a - 4*v. Suppose 2*i - 4*i = a. What are the prime factors of 0 + -1 + i - -13?
2, 3
What are the prime factors of 1159/8 + (-2)/(-16)?
5, 29
Let h = 8 + 2. List the prime factors of h.
2, 5
Let u = -32 - -56. List the prime factors of u.
2, 3
Let y be (-8)/(-32) + (-30)/(-8). Suppose h - 3*w = 18, 4*h + y*w + 8 = -0*w. Suppose 3*u - h*i = 5*u - 13, -i = 2*u - 15. List the prime factors of u.
2
Let a(z) = -z**3 + 7*z**2 - 7*z + 3. Let b be a(6). List the prime factors of 4/((-3)/9*b).
2
Suppose -3*j = 8 - 2, 4*v + 3*j = 10. Suppose 3*h = v*h - 21. What are the prime factors of h?
3, 7
Suppose -2*z - 3*z = 15. Let a = 6 + z. Suppose 0 = j + 4*k + 1 - 13, 0 = -3*j - a*k + 27. What are the prime factors of j?
2
Let l be (1 - (-1 - -5)) + 2. What are the prime factors of 3 + 0/l*1?
3
Suppose 4*b + 3*h - 53 = 2*b, -72 = -3*b + 3*h. Let a = b + -10. What are the prime factors of a?
3, 5
Let g = 8 + -12. Let r = 31 + g. What are the prime factors of r?
3
Let p(m) = 6*m + 1. Let j be p(-1). What are the prime factors of 24/j*(-10)/3?
2
Let j = 7 + -12. Let n = 0 - j. List the prime factors of n.
5
Suppose 408 + 596 = 4*l. List the prime factors of l.
251
Let w(i) be the second derivative of i**3/6 + i**2 + 5*i. What are the prime factors of w(5)?
7
Let i(l) = -l**3 - 16*l**2 - 15*l + 14. List the prime factors of i(-15).
2, 7
Suppose 25 = 3*m + 5*a, 0 = 4*m + 5*a - 36 + 11. Suppose -3*p + 22 + 11 = m. List the prime factors of p.
11
Let b(q) = -2*q**3 - 4*q**2 - 4*q - 3. Let g be 